{"id":1099,"date":"2025-03-15T12:53:29","date_gmt":"2025-03-15T11:53:29","guid":{"rendered":"http:\/\/kgv-lerchengrund.de\/?page_id=1099"},"modified":"2025-03-15T12:53:29","modified_gmt":"2025-03-15T11:53:29","slug":"veranstaltungen-im-verein","status":"publish","type":"page","link":"http:\/\/kgv-lerchengrund.de\/?page_id=1099","title":{"rendered":"Veranstaltungen im Verein"},"content":{"rendered":"\n<p>Vereinsleben im Gartenverein, das klingt f\u00fcr viele erstmal langweilig. <\/p>\n\n\n\n<p>Weit gefehlt. Wir feiern und das richtig. Jedes Jahr findet bei uns in der Anlage unser Sommerfest und auch unser Wintergrillen statt. Dabei steht der Spa\u00df f\u00fcr Gro\u00df und Klein an erster Stelle. Gerade bei unserem Sommerfest legen wir Wert darauf, dass auch die j\u00fcngsten Gartenfreunde nicht zu kurz kommen. So haben wir investiert und ein Kletterger\u00fcst gebaut. Es gibt immer viel zum ausprobieren. Bastelecke, Rollenbahn usw usw. Musikalisches Rahmenprogramm, Kaffeetafel und Leckerein vom Grill. Auch unser Wintergrillen kann sich sehen lassen, mit allerlei Hei\u00dfgetr\u00e4nke und auch hier gibt es wieder Leckerein vom Grill, sowie eine Feuerschale zum aufw\u00e4rmen. Organsiert wird das Ganze von unserem Vorstand.<\/p>\n\n\n\n<p>2024 konnten wir unser 100 J\u00e4hriges feiern. Dies taten wir im Hopfenst\u00fcbchen mit gutem Essen und allerlei Unterhaltung. <\/p>\n\n\n\n<figure class=\"wp-container-2 wp-block-gallery-1 wp-block-gallery has-nested-images columns-default is-cropped\">\n<figure class=\"wp-block-image size-large\"><img loading=\"lazy\" width=\"1024\" height=\"682\" data-id=\"1100\"  src=\"http:\/\/kgv-lerchengrund.de\/wp-content\/uploads\/2025\/03\/DSC00368-1024x682.jpg\" alt=\"\" class=\"wp-image-1100\" srcset=\"http:\/\/kgv-lerchengrund.de\/wp-content\/uploads\/2025\/03\/DSC00368-1024x682.jpg 1024w, http:\/\/kgv-lerchengrund.de\/wp-content\/uploads\/2025\/03\/DSC00368-300x200.jpg 300w, http:\/\/kgv-lerchengrund.de\/wp-content\/uploads\/2025\/03\/DSC00368-768x511.jpg 768w, http:\/\/kgv-lerchengrund.de\/wp-content\/uploads\/2025\/03\/DSC00368-1536x1022.jpg 1536w, http:\/\/kgv-lerchengrund.de\/wp-content\/uploads\/2025\/03\/DSC00368-2048x1363.jpg 2048w, http:\/\/kgv-lerchengrund.de\/wp-content\/uploads\/2025\/03\/DSC00368-830x553.jpg 830w, http:\/\/kgv-lerchengrund.de\/wp-content\/uploads\/2025\/03\/DSC00368-230x153.jpg 230w, http:\/\/kgv-lerchengrund.de\/wp-content\/uploads\/2025\/03\/DSC00368-350x233.jpg 350w, http:\/\/kgv-lerchengrund.de\/wp-content\/uploads\/2025\/03\/DSC00368-480x320.jpg 480w\" sizes=\"(max-width: 1024px) 100vw, 1024px\" \/><\/figure>\n\n\n\n<figure class=\"wp-block-image size-large\"><img loading=\"lazy\" width=\"1024\" height=\"682\" data-id=\"1102\"  src=\"http:\/\/kgv-lerchengrund.de\/wp-content\/uploads\/2025\/03\/DSC00420-1024x682.jpg\" alt=\"\" class=\"wp-image-1102\" srcset=\"http:\/\/kgv-lerchengrund.de\/wp-content\/uploads\/2025\/03\/DSC00420-1024x682.jpg 1024w, http:\/\/kgv-lerchengrund.de\/wp-content\/uploads\/2025\/03\/DSC00420-300x200.jpg 300w, http:\/\/kgv-lerchengrund.de\/wp-content\/uploads\/2025\/03\/DSC00420-768x511.jpg 768w, http:\/\/kgv-lerchengrund.de\/wp-content\/uploads\/2025\/03\/DSC00420-1536x1022.jpg 1536w, http:\/\/kgv-lerchengrund.de\/wp-content\/uploads\/2025\/03\/DSC00420-2048x1363.jpg 2048w, http:\/\/kgv-lerchengrund.de\/wp-content\/uploads\/2025\/03\/DSC00420-830x553.jpg 830w, http:\/\/kgv-lerchengrund.de\/wp-content\/uploads\/2025\/03\/DSC00420-230x153.jpg 230w, http:\/\/kgv-lerchengrund.de\/wp-content\/uploads\/2025\/03\/DSC00420-350x233.jpg 350w, http:\/\/kgv-lerchengrund.de\/wp-content\/uploads\/2025\/03\/DSC00420-480x320.jpg 480w\" sizes=\"(max-width: 1024px) 100vw, 1024px\" \/><\/figure>\n\n\n\n<figure class=\"wp-block-image size-large\"><img loading=\"lazy\" width=\"1024\" height=\"682\" data-id=\"1101\"  src=\"http:\/\/kgv-lerchengrund.de\/wp-content\/uploads\/2025\/03\/DSC00423-1024x682.jpg\" alt=\"\" class=\"wp-image-1101\" srcset=\"http:\/\/kgv-lerchengrund.de\/wp-content\/uploads\/2025\/03\/DSC00423-1024x682.jpg 1024w, http:\/\/kgv-lerchengrund.de\/wp-content\/uploads\/2025\/03\/DSC00423-300x200.jpg 300w, http:\/\/kgv-lerchengrund.de\/wp-content\/uploads\/2025\/03\/DSC00423-768x511.jpg 768w, http:\/\/kgv-lerchengrund.de\/wp-content\/uploads\/2025\/03\/DSC00423-1536x1022.jpg 1536w, http:\/\/kgv-lerchengrund.de\/wp-content\/uploads\/2025\/03\/DSC00423-2048x1363.jpg 2048w, http:\/\/kgv-lerchengrund.de\/wp-content\/uploads\/2025\/03\/DSC00423-830x553.jpg 830w, http:\/\/kgv-lerchengrund.de\/wp-content\/uploads\/2025\/03\/DSC00423-230x153.jpg 230w, http:\/\/kgv-lerchengrund.de\/wp-content\/uploads\/2025\/03\/DSC00423-350x233.jpg 350w, http:\/\/kgv-lerchengrund.de\/wp-content\/uploads\/2025\/03\/DSC00423-480x320.jpg 480w\" sizes=\"(max-width: 1024px) 100vw, 1024px\" \/><\/figure>\n<\/figure>\n\n\n\n<figure class=\"wp-container-4 wp-block-gallery-3 wp-block-gallery has-nested-images columns-default is-cropped\">\n<figure class=\"wp-block-image size-large\"><img loading=\"lazy\" width=\"1024\" height=\"768\" data-id=\"1103\"  src=\"http:\/\/kgv-lerchengrund.de\/wp-content\/uploads\/2025\/03\/1742038578971-1024x768.jpg\" alt=\"\" class=\"wp-image-1103\" srcset=\"http:\/\/kgv-lerchengrund.de\/wp-content\/uploads\/2025\/03\/1742038578971-1024x768.jpg 1024w, http:\/\/kgv-lerchengrund.de\/wp-content\/uploads\/2025\/03\/1742038578971-300x225.jpg 300w, http:\/\/kgv-lerchengrund.de\/wp-content\/uploads\/2025\/03\/1742038578971-768x576.jpg 768w, http:\/\/kgv-lerchengrund.de\/wp-content\/uploads\/2025\/03\/1742038578971-1536x1152.jpg 1536w, http:\/\/kgv-lerchengrund.de\/wp-content\/uploads\/2025\/03\/1742038578971-830x623.jpg 830w, http:\/\/kgv-lerchengrund.de\/wp-content\/uploads\/2025\/03\/1742038578971-230x173.jpg 230w, http:\/\/kgv-lerchengrund.de\/wp-content\/uploads\/2025\/03\/1742038578971-350x263.jpg 350w, http:\/\/kgv-lerchengrund.de\/wp-content\/uploads\/2025\/03\/1742038578971-480x360.jpg 480w, http:\/\/kgv-lerchengrund.de\/wp-content\/uploads\/2025\/03\/1742038578971.jpg 2040w\" sizes=\"(max-width: 1024px) 100vw, 1024px\" \/><\/figure>\n\n\n\n<figure class=\"wp-block-image size-large\"><img loading=\"lazy\" width=\"576\" height=\"1024\" data-id=\"1105\"  src=\"http:\/\/kgv-lerchengrund.de\/wp-content\/uploads\/2025\/03\/1742038579036-Kopie-576x1024.jpg\" alt=\"\" class=\"wp-image-1105\" srcset=\"http:\/\/kgv-lerchengrund.de\/wp-content\/uploads\/2025\/03\/1742038579036-Kopie-576x1024.jpg 576w, http:\/\/kgv-lerchengrund.de\/wp-content\/uploads\/2025\/03\/1742038579036-Kopie-169x300.jpg 169w, http:\/\/kgv-lerchengrund.de\/wp-content\/uploads\/2025\/03\/1742038579036-Kopie-768x1365.jpg 768w, http:\/\/kgv-lerchengrund.de\/wp-content\/uploads\/2025\/03\/1742038579036-Kopie-864x1536.jpg 864w, http:\/\/kgv-lerchengrund.de\/wp-content\/uploads\/2025\/03\/1742038579036-Kopie-1152x2048.jpg 1152w, http:\/\/kgv-lerchengrund.de\/wp-content\/uploads\/2025\/03\/1742038579036-Kopie-830x1476.jpg 830w, http:\/\/kgv-lerchengrund.de\/wp-content\/uploads\/2025\/03\/1742038579036-Kopie-230x409.jpg 230w, http:\/\/kgv-lerchengrund.de\/wp-content\/uploads\/2025\/03\/1742038579036-Kopie-350x622.jpg 350w, http:\/\/kgv-lerchengrund.de\/wp-content\/uploads\/2025\/03\/1742038579036-Kopie-480x853.jpg 480w, http:\/\/kgv-lerchengrund.de\/wp-content\/uploads\/2025\/03\/1742038579036-Kopie-scaled.jpg 1440w\" sizes=\"(max-width: 576px) 100vw, 576px\" \/><\/figure>\n\n\n\n<figure class=\"wp-block-image size-large\"><img loading=\"lazy\" width=\"1024\" height=\"576\" data-id=\"1104\"  src=\"http:\/\/kgv-lerchengrund.de\/wp-content\/uploads\/2025\/03\/1742038579050-Kopie-1024x576.jpg\" alt=\"\" class=\"wp-image-1104\" srcset=\"http:\/\/kgv-lerchengrund.de\/wp-content\/uploads\/2025\/03\/1742038579050-Kopie-1024x576.jpg 1024w, http:\/\/kgv-lerchengrund.de\/wp-content\/uploads\/2025\/03\/1742038579050-Kopie-300x169.jpg 300w, http:\/\/kgv-lerchengrund.de\/wp-content\/uploads\/2025\/03\/1742038579050-Kopie-768x432.jpg 768w, http:\/\/kgv-lerchengrund.de\/wp-content\/uploads\/2025\/03\/1742038579050-Kopie-1536x864.jpg 1536w, http:\/\/kgv-lerchengrund.de\/wp-content\/uploads\/2025\/03\/1742038579050-Kopie-2048x1152.jpg 2048w, http:\/\/kgv-lerchengrund.de\/wp-content\/uploads\/2025\/03\/1742038579050-Kopie-830x467.jpg 830w, http:\/\/kgv-lerchengrund.de\/wp-content\/uploads\/2025\/03\/1742038579050-Kopie-230x129.jpg 230w, http:\/\/kgv-lerchengrund.de\/wp-content\/uploads\/2025\/03\/1742038579050-Kopie-350x197.jpg 350w, http:\/\/kgv-lerchengrund.de\/wp-content\/uploads\/2025\/03\/1742038579050-Kopie-480x270.jpg 480w\" sizes=\"(max-width: 1024px) 100vw, 1024px\" \/><\/figure>\n\n\n\n<figure class=\"wp-block-image size-large\"><img loading=\"lazy\" width=\"576\" height=\"1024\" data-id=\"1106\"  src=\"http:\/\/kgv-lerchengrund.de\/wp-content\/uploads\/2025\/03\/1742038579072-Kopie-576x1024.jpg\" alt=\"\" class=\"wp-image-1106\" srcset=\"http:\/\/kgv-lerchengrund.de\/wp-content\/uploads\/2025\/03\/1742038579072-Kopie-576x1024.jpg 576w, http:\/\/kgv-lerchengrund.de\/wp-content\/uploads\/2025\/03\/1742038579072-Kopie-169x300.jpg 169w, http:\/\/kgv-lerchengrund.de\/wp-content\/uploads\/2025\/03\/1742038579072-Kopie-768x1365.jpg 768w, http:\/\/kgv-lerchengrund.de\/wp-content\/uploads\/2025\/03\/1742038579072-Kopie-864x1536.jpg 864w, http:\/\/kgv-lerchengrund.de\/wp-content\/uploads\/2025\/03\/1742038579072-Kopie-1152x2048.jpg 1152w, http:\/\/kgv-lerchengrund.de\/wp-content\/uploads\/2025\/03\/1742038579072-Kopie-830x1476.jpg 830w, http:\/\/kgv-lerchengrund.de\/wp-content\/uploads\/2025\/03\/1742038579072-Kopie-230x409.jpg 230w, http:\/\/kgv-lerchengrund.de\/wp-content\/uploads\/2025\/03\/1742038579072-Kopie-350x622.jpg 350w, http:\/\/kgv-lerchengrund.de\/wp-content\/uploads\/2025\/03\/1742038579072-Kopie-480x853.jpg 480w, http:\/\/kgv-lerchengrund.de\/wp-content\/uploads\/2025\/03\/1742038579072-Kopie-scaled.jpg 1440w\" sizes=\"(max-width: 576px) 100vw, 576px\" \/><\/figure>\n<\/figure>\n","protected":false},"excerpt":{"rendered":"<p>Vereinsleben im Gartenverein, das klingt f\u00fcr viele erstmal langweilig. Weit gefehlt. Wir feiern und das richtig. Jedes Jahr findet bei uns in der Anlage unser Sommerfest und auch unser Wintergrillen statt. Dabei steht der Spa\u00df f\u00fcr Gro\u00df und Klein an erster Stelle. Gerade bei unserem Sommerfest legen wir Wert darauf, dass auch die j\u00fcngsten Gartenfreunde [&hellip;]<\/p>\n","protected":false},"author":1,"featured_media":0,"parent":0,"menu_order":0,"comment_status":"closed","ping_status":"closed","template":"","meta":[],"_links":{"self":[{"href":"http:\/\/kgv-lerchengrund.de\/index.php?rest_route=\/wp\/v2\/pages\/1099"}],"collection":[{"href":"http:\/\/kgv-lerchengrund.de\/index.php?rest_route=\/wp\/v2\/pages"}],"about":[{"href":"http:\/\/kgv-lerchengrund.de\/index.php?rest_route=\/wp\/v2\/types\/page"}],"author":[{"embeddable":true,"href":"http:\/\/kgv-lerchengrund.de\/index.php?rest_route=\/wp\/v2\/users\/1"}],"replies":[{"embeddable":true,"href":"http:\/\/kgv-lerchengrund.de\/index.php?rest_route=%2Fwp%2Fv2%2Fcomments&post=1099"}],"version-history":[{"count":1,"href":"http:\/\/kgv-lerchengrund.de\/index.php?rest_route=\/wp\/v2\/pages\/1099\/revisions"}],"predecessor-version":[{"id":1108,"href":"http:\/\/kgv-lerchengrund.de\/index.php?rest_route=\/wp\/v2\/pages\/1099\/revisions\/1108"}],"wp:attachment":[{"href":"http:\/\/kgv-lerchengrund.de\/index.php?rest_route=%2Fwp%2Fv2%2Fmedia&parent=1099"}],"curies":[{"name":"wp","href":"https:\/\/api.w.org\/{rel}","templated":true}]}}

<p>Vereinsleben im Gartenverein, das klingt für viele erstmal langweilig. </p>



<p>Weit gefehlt. Wir feiern und das richtig. Jedes Jahr findet bei uns in der Anlage unser Sommerfest und auch unser Wintergrillen statt. Dabei steht der Spaß für Groß und Klein an erster Stelle. Gerade bei unserem Sommerfest legen wir Wert darauf, dass auch die jüngsten Gartenfreunde nicht zu kurz kommen. So haben wir investiert und ein Klettergerüst gebaut. Es gibt immer viel zum ausprobieren. Bastelecke, Rollenbahn usw usw. Musikalisches Rahmenprogramm, Kaffeetafel und Leckerein vom Grill. Auch unser Wintergrillen kann sich sehen lassen, mit allerlei Heißgetränke und auch hier gibt es wieder Leckerein vom Grill, sowie eine Feuerschale zum aufwärmen. Organsiert wird das Ganze von unserem Vorstand.</p>



<p>2024 konnten wir unser 100 Jähriges feiern. Dies taten wir im Hopfenstübchen mit gutem Essen und allerlei Unterhaltung. </p>



<figure class="wp-container-2 wp-block-gallery-1 wp-block-gallery has-nested-images columns-default is-cropped">
<figure class="wp-block-image size-large"><img loading="lazy" width="1024" height="682" data-id="1100"  src="http://kgv-lerchengrund.de/wp-content/uploads/2025/03/DSC00368-1024x682.jpg" alt="" class="wp-image-1100" srcset="http://kgv-lerchengrund.de/wp-content/uploads/2025/03/DSC00368-1024x682.jpg 1024w, http://kgv-lerchengrund.de/wp-content/uploads/2025/03/DSC00368-300x200.jpg 300w, http://kgv-lerchengrund.de/wp-content/uploads/2025/03/DSC00368-768x511.jpg 768w, http://kgv-lerchengrund.de/wp-content/uploads/2025/03/DSC00368-1536x1022.jpg 1536w, http://kgv-lerchengrund.de/wp-content/uploads/2025/03/DSC00368-2048x1363.jpg 2048w, http://kgv-lerchengrund.de/wp-content/uploads/2025/03/DSC00368-830x553.jpg 830w, http://kgv-lerchengrund.de/wp-content/uploads/2025/03/DSC00368-230x153.jpg 230w, http://kgv-lerchengrund.de/wp-content/uploads/2025/03/DSC00368-350x233.jpg 350w, http://kgv-lerchengrund.de/wp-content/uploads/2025/03/DSC00368-480x320.jpg 480w" sizes="(max-width: 1024px) 100vw, 1024px" /></figure>



<figure class="wp-block-image size-large"><img loading="lazy" width="1024" height="682" data-id="1102"  src="http://kgv-lerchengrund.de/wp-content/uploads/2025/03/DSC00420-1024x682.jpg" alt="" class="wp-image-1102" srcset="http://kgv-lerchengrund.de/wp-content/uploads/2025/03/DSC00420-1024x682.jpg 1024w, http://kgv-lerchengrund.de/wp-content/uploads/2025/03/DSC00420-300x200.jpg 300w, http://kgv-lerchengrund.de/wp-content/uploads/2025/03/DSC00420-768x511.jpg 768w, http://kgv-lerchengrund.de/wp-content/uploads/2025/03/DSC00420-1536x1022.jpg 1536w, http://kgv-lerchengrund.de/wp-content/uploads/2025/03/DSC00420-2048x1363.jpg 2048w, http://kgv-lerchengrund.de/wp-content/uploads/2025/03/DSC00420-830x553.jpg 830w, http://kgv-lerchengrund.de/wp-content/uploads/2025/03/DSC00420-230x153.jpg 230w, http://kgv-lerchengrund.de/wp-content/uploads/2025/03/DSC00420-350x233.jpg 350w, http://kgv-lerchengrund.de/wp-content/uploads/2025/03/DSC00420-480x320.jpg 480w" sizes="(max-width: 1024px) 100vw, 1024px" /></figure>



<figure class="wp-block-image size-large"><img loading="lazy" width="1024" height="682" data-id="1101"  src="http://kgv-lerchengrund.de/wp-content/uploads/2025/03/DSC00423-1024x682.jpg" alt="" class="wp-image-1101" srcset="http://kgv-lerchengrund.de/wp-content/uploads/2025/03/DSC00423-1024x682.jpg 1024w, http://kgv-lerchengrund.de/wp-content/uploads/2025/03/DSC00423-300x200.jpg 300w, http://kgv-lerchengrund.de/wp-content/uploads/2025/03/DSC00423-768x511.jpg 768w, http://kgv-lerchengrund.de/wp-content/uploads/2025/03/DSC00423-1536x1022.jpg 1536w, http://kgv-lerchengrund.de/wp-content/uploads/2025/03/DSC00423-2048x1363.jpg 2048w, http://kgv-lerchengrund.de/wp-content/uploads/2025/03/DSC00423-830x553.jpg 830w, http://kgv-lerchengrund.de/wp-content/uploads/2025/03/DSC00423-230x153.jpg 230w, http://kgv-lerchengrund.de/wp-content/uploads/2025/03/DSC00423-350x233.jpg 350w, http://kgv-lerchengrund.de/wp-content/uploads/2025/03/DSC00423-480x320.jpg 480w" sizes="(max-width: 1024px) 100vw, 1024px" /></figure>
</figure>



<figure class="wp-container-4 wp-block-gallery-3 wp-block-gallery has-nested-images columns-default is-cropped">
<figure class="wp-block-image size-large"><img loading="lazy" width="1024" height="768" data-id="1103"  src="http://kgv-lerchengrund.de/wp-content/uploads/2025/03/1742038578971-1024x768.jpg" alt="" class="wp-image-1103" srcset="http://kgv-lerchengrund.de/wp-content/uploads/2025/03/1742038578971-1024x768.jpg 1024w, http://kgv-lerchengrund.de/wp-content/uploads/2025/03/1742038578971-300x225.jpg 300w, http://kgv-lerchengrund.de/wp-content/uploads/2025/03/1742038578971-768x576.jpg 768w, http://kgv-lerchengrund.de/wp-content/uploads/2025/03/1742038578971-1536x1152.jpg 1536w, http://kgv-lerchengrund.de/wp-content/uploads/2025/03/1742038578971-830x623.jpg 830w, http://kgv-lerchengrund.de/wp-content/uploads/2025/03/1742038578971-230x173.jpg 230w, http://kgv-lerchengrund.de/wp-content/uploads/2025/03/1742038578971-350x263.jpg 350w, http://kgv-lerchengrund.de/wp-content/uploads/2025/03/1742038578971-480x360.jpg 480w, http://kgv-lerchengrund.de/wp-content/uploads/2025/03/1742038578971.jpg 2040w" sizes="(max-width: 1024px) 100vw, 1024px" /></figure>



<figure class="wp-block-image size-large"><img loading="lazy" width="576" height="1024" data-id="1105"  src="http://kgv-lerchengrund.de/wp-content/uploads/2025/03/1742038579036-Kopie-576x1024.jpg" alt="" class="wp-image-1105" srcset="http://kgv-lerchengrund.de/wp-content/uploads/2025/03/1742038579036-Kopie-576x1024.jpg 576w, http://kgv-lerchengrund.de/wp-content/uploads/2025/03/1742038579036-Kopie-169x300.jpg 169w, http://kgv-lerchengrund.de/wp-content/uploads/2025/03/1742038579036-Kopie-768x1365.jpg 768w, http://kgv-lerchengrund.de/wp-content/uploads/2025/03/1742038579036-Kopie-864x1536.jpg 864w, http://kgv-lerchengrund.de/wp-content/uploads/2025/03/1742038579036-Kopie-1152x2048.jpg 1152w, http://kgv-lerchengrund.de/wp-content/uploads/2025/03/1742038579036-Kopie-830x1476.jpg 830w, http://kgv-lerchengrund.de/wp-content/uploads/2025/03/1742038579036-Kopie-230x409.jpg 230w, http://kgv-lerchengrund.de/wp-content/uploads/2025/03/1742038579036-Kopie-350x622.jpg 350w, http://kgv-lerchengrund.de/wp-content/uploads/2025/03/1742038579036-Kopie-480x853.jpg 480w, http://kgv-lerchengrund.de/wp-content/uploads/2025/03/1742038579036-Kopie-scaled.jpg 1440w" sizes="(max-width: 576px) 100vw, 576px" /></figure>



<figure class="wp-block-image size-large"><img loading="lazy" width="1024" height="576" data-id="1104"  src="http://kgv-lerchengrund.de/wp-content/uploads/2025/03/1742038579050-Kopie-1024x576.jpg" alt="" class="wp-image-1104" srcset="http://kgv-lerchengrund.de/wp-content/uploads/2025/03/1742038579050-Kopie-1024x576.jpg 1024w, http://kgv-lerchengrund.de/wp-content/uploads/2025/03/1742038579050-Kopie-300x169.jpg 300w, http://kgv-lerchengrund.de/wp-content/uploads/2025/03/1742038579050-Kopie-768x432.jpg 768w, http://kgv-lerchengrund.de/wp-content/uploads/2025/03/1742038579050-Kopie-1536x864.jpg 1536w, http://kgv-lerchengrund.de/wp-content/uploads/2025/03/1742038579050-Kopie-2048x1152.jpg 2048w, http://kgv-lerchengrund.de/wp-content/uploads/2025/03/1742038579050-Kopie-830x467.jpg 830w, http://kgv-lerchengrund.de/wp-content/uploads/2025/03/1742038579050-Kopie-230x129.jpg 230w, http://kgv-lerchengrund.de/wp-content/uploads/2025/03/1742038579050-Kopie-350x197.jpg 350w, http://kgv-lerchengrund.de/wp-content/uploads/2025/03/1742038579050-Kopie-480x270.jpg 480w" sizes="(max-width: 1024px) 100vw, 1024px" /></figure>



<figure class="wp-block-image size-large"><img loading="lazy" width="576" height="1024" data-id="1106"  src="http://kgv-lerchengrund.de/wp-content/uploads/2025/03/1742038579072-Kopie-576x1024.jpg" alt="" class="wp-image-1106" srcset="http://kgv-lerchengrund.de/wp-content/uploads/2025/03/1742038579072-Kopie-576x1024.jpg 576w, http://kgv-lerchengrund.de/wp-content/uploads/2025/03/1742038579072-Kopie-169x300.jpg 169w, http://kgv-lerchengrund.de/wp-content/uploads/2025/03/1742038579072-Kopie-768x1365.jpg 768w, http://kgv-lerchengrund.de/wp-content/uploads/2025/03/1742038579072-Kopie-864x1536.jpg 864w, http://kgv-lerchengrund.de/wp-content/uploads/2025/03/1742038579072-Kopie-1152x2048.jpg 1152w, http://kgv-lerchengrund.de/wp-content/uploads/2025/03/1742038579072-Kopie-830x1476.jpg 830w, http://kgv-lerchengrund.de/wp-content/uploads/2025/03/1742038579072-Kopie-230x409.jpg 230w, http://kgv-lerchengrund.de/wp-content/uploads/2025/03/1742038579072-Kopie-350x622.jpg 350w, http://kgv-lerchengrund.de/wp-content/uploads/2025/03/1742038579072-Kopie-480x853.jpg 480w, http://kgv-lerchengrund.de/wp-content/uploads/2025/03/1742038579072-Kopie-scaled.jpg 1440w" sizes="(max-width: 576px) 100vw, 576px" /></figure>
</figure>

<p>Vereinsleben im Gartenverein, das klingt für viele erstmal langweilig. Weit gefehlt. Wir feiern und das richtig. Jedes Jahr findet bei uns in der Anlage unser Sommerfest und auch unser Wintergrillen statt. Dabei steht der Spaß für Groß und Klein an erster Stelle. Gerade bei unserem Sommerfest legen wir Wert darauf, dass auch die jüngsten Gartenfreunde [&hellip;]</p>
