{"id":43,"date":"2018-06-22T09:28:13","date_gmt":"2018-06-22T09:28:13","guid":{"rendered":"http:\/\/kgv-lerchengrund.de\/?page_id=43"},"modified":"2025-03-20T16:13:03","modified_gmt":"2025-03-20T15:13:03","slug":"startseite","status":"publish","type":"page","link":"http:\/\/kgv-lerchengrund.de\/","title":{"rendered":"Willkommen auf unserer Homepage"},"content":{"rendered":"<p>Unser Kleingartenverein befindet sich am s\u00fcd\u00f6stlichen Rand der Stadt Frankenberg am Ende der Lerchenstra\u00dfe. Zum Verein, der im Jahre 1924 gegr\u00fcndet wurde, geh\u00f6ren&nbsp;59 G\u00e4rten, die von ebenso vielen Vereinsmitgliedern bewirtschaftet werden. Unser Verein hat sich zum Anziehungspunkt f\u00fcr viele Natur- und Gartenfreunde&nbsp;entwickelt, der besonders in den Sommermonaten von vielen Freunden und Bekannten besucht wird. Eine Mischung aller Altersgruppen unter den Gartenfreunden sowie gemeinsame kulturelle Veranstaltungen trage zum gegenseitigen Verstehen bei.<\/p>\n<p>Sie finden uns auch auf Facebook unter:<\/p>\n<p>https:\/\/www.facebook.com\/profile.php?id=100081296231746<\/p>\n\n\n<figure class=\"wp-block-image size-large\"><img loading=\"lazy\" width=\"1024\" height=\"576\" src=\"http:\/\/kgv-lerchengrund.de\/wp-content\/uploads\/2025\/03\/bearbeitet-1024x576.jpg\" alt=\"\" class=\"wp-image-1111\" srcset=\"http:\/\/kgv-lerchengrund.de\/wp-content\/uploads\/2025\/03\/bearbeitet-1024x576.jpg 1024w, http:\/\/kgv-lerchengrund.de\/wp-content\/uploads\/2025\/03\/bearbeitet-300x169.jpg 300w, http:\/\/kgv-lerchengrund.de\/wp-content\/uploads\/2025\/03\/bearbeitet-768x432.jpg 768w, http:\/\/kgv-lerchengrund.de\/wp-content\/uploads\/2025\/03\/bearbeitet-1536x864.jpg 1536w, http:\/\/kgv-lerchengrund.de\/wp-content\/uploads\/2025\/03\/bearbeitet-2048x1152.jpg 2048w, http:\/\/kgv-lerchengrund.de\/wp-content\/uploads\/2025\/03\/bearbeitet-830x467.jpg 830w, http:\/\/kgv-lerchengrund.de\/wp-content\/uploads\/2025\/03\/bearbeitet-230x129.jpg 230w, http:\/\/kgv-lerchengrund.de\/wp-content\/uploads\/2025\/03\/bearbeitet-350x197.jpg 350w, http:\/\/kgv-lerchengrund.de\/wp-content\/uploads\/2025\/03\/bearbeitet-480x270.jpg 480w\" sizes=\"(max-width: 1024px) 100vw, 1024px\" \/><figcaption>DCIM\\102MEDIA\\DJI_0192.JPG<\/figcaption><\/figure>\n","protected":false},"excerpt":{"rendered":"<p>Unser Kleingartenverein befindet sich am s\u00fcd\u00f6stlichen Rand der Stadt Frankenberg am Ende der Lerchenstra\u00dfe. Zum Verein, der im Jahre 1924 gegr\u00fcndet wurde, geh\u00f6ren&nbsp;59 G\u00e4rten, die von ebenso vielen Vereinsmitgliedern bewirtschaftet werden. Unser Verein hat sich zum Anziehungspunkt f\u00fcr viele Natur- und Gartenfreunde&nbsp;entwickelt, der besonders in den Sommermonaten von vielen Freunden und Bekannten besucht wird. Eine [&hellip;]<\/p>\n","protected":false},"author":1,"featured_media":0,"parent":0,"menu_order":0,"comment_status":"closed","ping_status":"closed","template":"","meta":[],"_links":{"self":[{"href":"http:\/\/kgv-lerchengrund.de\/index.php?rest_route=\/wp\/v2\/pages\/43"}],"collection":[{"href":"http:\/\/kgv-lerchengrund.de\/index.php?rest_route=\/wp\/v2\/pages"}],"about":[{"href":"http:\/\/kgv-lerchengrund.de\/index.php?rest_route=\/wp\/v2\/types\/page"}],"author":[{"embeddable":true,"href":"http:\/\/kgv-lerchengrund.de\/index.php?rest_route=\/wp\/v2\/users\/1"}],"replies":[{"embeddable":true,"href":"http:\/\/kgv-lerchengrund.de\/index.php?rest_route=%2Fwp%2Fv2%2Fcomments&post=43"}],"version-history":[{"count":8,"href":"http:\/\/kgv-lerchengrund.de\/index.php?rest_route=\/wp\/v2\/pages\/43\/revisions"}],"predecessor-version":[{"id":1112,"href":"http:\/\/kgv-lerchengrund.de\/index.php?rest_route=\/wp\/v2\/pages\/43\/revisions\/1112"}],"wp:attachment":[{"href":"http:\/\/kgv-lerchengrund.de\/index.php?rest_route=%2Fwp%2Fv2%2Fmedia&parent=43"}],"curies":[{"name":"wp","href":"https:\/\/api.w.org\/{rel}","templated":true}]}}

<p>Unser Kleingartenverein befindet sich am südöstlichen Rand der Stadt Frankenberg am Ende der Lerchenstraße. Zum Verein, der im Jahre 1924 gegründet wurde, gehören&nbsp;59 Gärten, die von ebenso vielen Vereinsmitgliedern bewirtschaftet werden. Unser Verein hat sich zum Anziehungspunkt für viele Natur- und Gartenfreunde&nbsp;entwickelt, der besonders in den Sommermonaten von vielen Freunden und Bekannten besucht wird. Eine Mischung aller Altersgruppen unter den Gartenfreunden sowie gemeinsame kulturelle Veranstaltungen trage zum gegenseitigen Verstehen bei.</p>
<p>Sie finden uns auch auf Facebook unter:</p>
<p>https://www.facebook.com/profile.php?id=100081296231746</p>


<figure class="wp-block-image size-large"><img loading="lazy" width="1024" height="576" src="http://kgv-lerchengrund.de/wp-content/uploads/2025/03/bearbeitet-1024x576.jpg" alt="" class="wp-image-1111" srcset="http://kgv-lerchengrund.de/wp-content/uploads/2025/03/bearbeitet-1024x576.jpg 1024w, http://kgv-lerchengrund.de/wp-content/uploads/2025/03/bearbeitet-300x169.jpg 300w, http://kgv-lerchengrund.de/wp-content/uploads/2025/03/bearbeitet-768x432.jpg 768w, http://kgv-lerchengrund.de/wp-content/uploads/2025/03/bearbeitet-1536x864.jpg 1536w, http://kgv-lerchengrund.de/wp-content/uploads/2025/03/bearbeitet-2048x1152.jpg 2048w, http://kgv-lerchengrund.de/wp-content/uploads/2025/03/bearbeitet-830x467.jpg 830w, http://kgv-lerchengrund.de/wp-content/uploads/2025/03/bearbeitet-230x129.jpg 230w, http://kgv-lerchengrund.de/wp-content/uploads/2025/03/bearbeitet-350x197.jpg 350w, http://kgv-lerchengrund.de/wp-content/uploads/2025/03/bearbeitet-480x270.jpg 480w" sizes="(max-width: 1024px) 100vw, 1024px" /><figcaption>DCIM\102MEDIA\DJI_0192.JPG</figcaption></figure>

<p>Unser Kleingartenverein befindet sich am südöstlichen Rand der Stadt Frankenberg am Ende der Lerchenstraße. Zum Verein, der im Jahre 1924 gegründet wurde, gehören&nbsp;59 Gärten, die von ebenso vielen Vereinsmitgliedern bewirtschaftet werden. Unser Verein hat sich zum Anziehungspunkt für viele Natur- und Gartenfreunde&nbsp;entwickelt, der besonders in den Sommermonaten von vielen Freunden und Bekannten besucht wird. Eine [&hellip;]</p>
